 - 679 = 0, -3*o - 7*y = -5*y - 1021. Let t = 1299 - o. What is the hundreds digit of t?
9
Suppose 139*v + 133 - 4105 = 133*v. What is the tens digit of v?
6
Let x(t) = 2735*t**2 + 251*t + 764. What is the ten thousands digit of x(-3)?
2
Let a = 37 + -59. Let b be (-4)/a + 40/22. Suppose -4*t = -f + 5*f - 508, b*t = 6. What is the hundreds digit of f?
1
What is the hundreds digit of (33/9)/(-16 + 8649/540)?
2
Let s(u) = 2*u - 64. Let w be s(37). What is the hundreds digit of ((-55611)/(-72) - w) + (-6)/16?
7
Let x be -7 - (-254)/(-10) - 6/10. What is the tens digit of (-18)/x + 11934/22?
4
What is the units digit of ((-533)/52)/(7/(-1204))?
3
What is the thousands digit of (-13215)/(-3) - ((-13 - -23) + -5)?
4
Let q(v) = -6*v - 1. Let a be q(-6). Suppose -12*b - a = -19*b. Suppose s = 5*s + 4, 0 = -b*w + 5*s + 1010. What is the units digit of w?
1
Let j be (0 + 1)/((-2)/(-12)). Let b = -231 - -245. Suppose -j - b = -y. What is the tens digit of y?
2
Let z = -4199 + 4548. What is the units digit of z?
9
Let b = -5481 - -7087. What is the thousands digit of b?
1
Let j = -80 + 175. What is the tens digit of j?
9
Let m be -1890 + (-45)/(-9) - 1. What is the hundreds digit of (-36)/108*(m - 1)?
6
Suppose -t = -3*i - i + 2403, t = -3. Suppose -10 + 2 = w - 3*w. Suppose 4*v = 5*d + 931, -d = -w*v + 351 + i. What is the hundreds digit of v?
2
Let s(k) = -7*k**2 + 7*k - 14. Let p(t) = t**3 + 5*t**2 + 3*t - 2. Let f be p(-4). Let r be s(f). Let c = r + 150. What is the hundreds digit of c?
1
Let z = -9782 + 16438. What is the hundreds digit of z?
6
Let o(p) = -82*p**3 - 2*p + 80*p**3 + 2 + 4*p + p**2. Let l be o(-1). Suppose 3*a - 5*z - 178 = a, -l*z = 12. What is the tens digit of a?
7
Let j = 5721 + -1784. What is the thousands digit of j?
3
Let i(r) = -6453*r + 210. What is the hundreds digit of i(-2)?
1
Suppose 3214*p - 3239*p + 980125 = 0. What is the thousands digit of p?
9
Let u = -25 + 29. Suppose -9 = -u*c + 3*d - 3, -2*c + 5*d - 4 = 0. Suppose -c*o = -2*o - 3*r - 35, 4*o - 125 = -3*r. What is the tens digit of o?
3
Suppose 6597*c + 246528 = 6613*c. What is the ten thousands digit of c?
1
Suppose -32*m + 52*m + 27320 = 22*m. What is the ten thousands digit of m?
1
Let k(b) = 10*b**2 + 14*b - 75. Let m be k(6). Suppose m = r + 82. What is the units digit of r?
7
Suppose 0 = -3*o - 5*c - 119, -12*c + 21 = -o - 9*c. What is the units digit of 60/33 + -2 + (-11127)/o?
7
Suppose 68*z + z = 128*z - 1027131. What is the units digit of z?
9
Let s = 593 + -588. Suppose s*k + 4*g - 162 = 0, 3*g + 129 = 123. What is the tens digit of k?
3
Let m be -3 - 24/12*(-34)/4. Let h(l) = 38*l - 82. What is the units digit of h(m)?
0
Let l be (1/(-2))/(5/(-9980)). Let p = -706 + l. What is the hundreds digit of p?
2
Let p(f) = 7*f + 1. Let x be p(0). Let b = 21 - x. What is the tens digit of b?
2
Suppose -5211 = -2*i + 5*u, 0 = 4*i - 5*u - 14586 + 4179. What is the hundreds digit of i?
5
Let h be ((-6)/(-7))/((-14)/(-98)). Let o be ((-1118)/(-129))/(((-2)/h)/(-1)). Suppose o*f = 17*f + 2214. What is the hundreds digit of f?
2
Suppose 4*z - 213 + 26 = -3*j, -5*z + 236 = 3*j. Let h = 5 - 38. Let m = z + h. What is the tens digit of m?
1
Suppose -t - 5*p + 7 = 0, -4*p = -5*t + p + 185. Suppose -a + 287 = -t. What is the units digit of a?
9
Let n = 37 - -86. Suppose -n = -w + 263. What is the tens digit of w?
8
What is the hundreds digit of (-43463)/2*(4 + -5 + -1)?
4
Suppose 215204 = 1225*h - 1214*h. What is the ten thousands digit of h?
1
Let m(q) = 2459*q**2 - 153*q + 603. What is the units digit of m(4)?
5
Let i(u) = 5*u**2 + 4*u**2 - 10*u**2 - 16 + 12*u. Let v be i(9). What is the tens digit of (-19 - -15)*3/((-3)/v)?
4
Suppose -21*m = -111793 + 18658. What is the units digit of m?
5
Let w be -15 + 14 - 3*-1. Suppose 5*c = 2*p + 22, 65 - 21 = -4*p + 2*c. What is the tens digit of -23 + 24 - p*(w - -4)?
6
Let v = 7500 + -1179. What is the tens digit of v?
2
Let p(q) = -4247 - 2*q**2 - 12*q - q**3 + 4246 - 6*q. What is the units digit of p(-7)?
0
Let w(s) = 1252*s**2 + 271*s - 810. What is the thousands digit of w(3)?
1
Let d = 77 + -74. Let b be 9/3 - 2*d - -3. Suppose -3*c + 72 = h - 0*c, b = -5*c. What is the units digit of h?
2
Suppose 54*b + 12196 = 55*b + 2*k, 4*b - 5*k - 48810 = 0. What is the units digit of b?
0
What is the thousands digit of (-4)/(-13) - (-8215130)/715?
1
Let k(p) be the third derivative of 13*p**6/60 - p**5/60 - p**4/24 + p**3/6 - 6*p**2. Let u be k(1). Suppose -5*z + u = -0*z. What is the units digit of z?
5
What is the hundreds digit of ((-1965)/6 - -2)*28/(-3)?
0
Suppose 6*n + 10*q = 8*q + 3546, -q = n - 589. What is the units digit of n?
2
Let i(a) = a**3 - 7*a**2 - 3*a - 5. Let l be i(7). Let n = l + 26. Suppose 4*z = -n*z + 20. What is the units digit of z?
5
Suppose 4*n + 5*d = 35, 2*n - 3*d - 53 = -3*n. Suppose -l - 3 = 2*q, 2*q = 3*q + 5. Suppose -j + l = -n. What is the tens digit of j?
1
Let r(p) = 109*p**3 - 45*p**2 + 292*p + 12. What is the hundreds digit of r(6)?
6
Suppose -540 = 2*x + 216. Let a = x - -459. What is the tens digit of a?
8
Suppose -10*m + 16044 - 9533 = -50969. What is the hundreds digit of m?
7
Let q be -6*(-78)/(-13)*2/(-3). What is the units digit of (-15)/6 - (-24804)/q?
1
Suppose 31 = 4*u - 93. Suppose 0 = -24*a + u*a - 2198. Let y = a - 205. What is the tens digit of y?
0
Let a(n) = -18*n - 27. Let u be a(-4). Suppose h - u = -9. Suppose -244 = -5*x + 4*z, -x - 3*z + 9 + h = 0. What is the units digit of x?
8
Suppose -18*o + 26904 = -40164. What is the thousands digit of o?
3
Let k(a) = 45*a**2 + 4*a + 1. Let c be k(2). Let o = c + -121. What is the tens digit of o?
6
Let f(h) = 2*h**3 + 11*h**2 + 3*h - 8. Let v be f(-5). Suppose -4*g = 5*o + g - 1965, -1570 = -4*o - v*g. What is the hundreds digit of o?
3
Let u(p) be the second derivative of -173*p**3/6 - 35*p**2 + p - 69. What is the units digit of u(-3)?
9
Let i = -97026 - -135842. What is the units digit of i?
6
Suppose -112863 + 35511 = -33*u. What is the thousands digit of u?
2
Let j(b) = 112*b + 3. Let h be j(6). Let x = -363 + h. What is the hundreds digit of x?
3
Suppose 6*y + 0*y = y. Suppose 6*m = -y - 0. Let x(l) = 4*l + 78. What is the tens digit of x(m)?
7
Suppose 4 = 3*y - y. Suppose -12 - 1 = y*c - 3*o, 0 = 2*c - 2*o + 8. Let h(p) = 31*p**2 - p - 1. What is the tens digit of h(c)?
2
Suppose -8*c + 11*c + 42 = 0. Let a = -6 - c. What is the units digit of (-3*a/(-30))/((-4)/(-270))?
4
Let j(g) = -6*g**2 - 832*g - 106. What is the thousands digit of j(-53)?
7
Let c = -8 + 5. Let j be 3 + (-1 - (-4 - c)) - -1. Suppose -607 = -j*r + 125. What is the units digit of r?
3
Let k(j) = -j**3 + 15*j**2 - 5*j + 14. Let y be k(15). Let n be 0 + y - (10 - 14). Let b = n - -167. What is the hundreds digit of b?
1
Suppose -3*g = -6*r + 2*r - 37, 4*g - 16 = 2*r. Let s = r - -104. Let o = s + 0. What is the units digit of o?
4
Let i(c) = -c**2 - 3*c + 5. Let d be i(2). What is the tens digit of d + (-2 - (-9)/3) + 194?
9
Suppose -97 = -2*d - 7*z + 2*z, -d = -2*z - 35. Let n = d + -39. Suppose 0 = h - n*l - 137, 2*h - 4*l = -3*h + 679. What is the tens digit of h?
3
Suppose -4*z - 128440 = 9*z. What is the units digit of (1/2)/((-20)/z)?
7
Suppose 20 = 2*i - 2*s, 13 = 5*i - 3*s - 43. Suppose -7*z + 1491 = -1407. Suppose z = -i*u + 16*u. What is the hundreds digit of u?
1
Let n(i) = -i**2 + 284*i + 65. What is the ten thousands digit of n(118)?
1
Let z(n) = 2*n**2 + 5*n + 2. Let m be z(4). Let i be m/(-3) + (-1 - 2). Let f = i - -26. What is the units digit of f?
5
Suppose -3*i = 3*q + 18, 4*q - 2*q + 5*i + 18 = 0. What is the units digit of 20/50*5/1 - q?
6
Let q(s) = -17*s - 2. Let r be q(-1). Let y be r*1 - (-23 - -24). Suppose -4*o = -y - 26. What is the tens digit of o?
1
Let x(l) = l**3 + 44*l**2 + 108*l + 111. What is the tens digit of x(-34)?
9
Suppose 5*s + 20118 = 4*p, 36*s = 3*p + 40*s - 15073. What is the thousands digit of p?
5
Suppose 0 = 2*m - t - 17013, -21*m + 16988 = -19*m + 4*t. What is the hundreds digit of m?
5
Let p = -2575 - -4510. Suppose 0 = 2*i + v - p, 4 = v + 1. What is the hundreds digit of i?
9
Suppose -4 = -6*r + 3*r - w, -8 = -2*r - 2*w. Suppose -3*g + 45 = 3*a, -a + r + 25 = -4*g. Suppose -a = -j + 52. What is the tens di